+ 44, 2*u + 3*p = 39. What is the tens digit of u?
2
Suppose 12 = -d + 1. Let c = 20 + d. Suppose c*t - 4*t = 70. What is the units digit of t?
4
Suppose -5*p + 3*r + 66 = 0, -2*p + r = -9 - 17. What is the units digit of p?
2
Let h(f) = f**2 - 4. What is the units digit of h(5)?
1
Let b = 13 - -29. What is the tens digit of b?
4
Let l(x) = 3*x - 9. Let s be l(7). Let p be (s/(-15))/(1/(-5)). Suppose -4*a = -t - 0*t - 16, 4*a - p*t - 4 = 0. What is the units digit of a?
5
Let i = 3 - -19. What is the units digit of i?
2
Let v be 6/21 - (-46)/(-14). Let p = -3 - v. What is the units digit of 2/3*(p + 3)?
2
Let b = -3 + 3. Let x be (b - -2) + -2 - -2. What is the tens digit of x + -2 + 8 + 2?
1
Suppose 3*n - 400 = -5*k, -k + 2*k - 78 = -n. What is the units digit of k?
3
Suppose -4*m - 3*a = -9 - 52, 5*m - 5*a - 50 = 0. Suppose -m*y + 8*y + 65 = 0. What is the tens digit of y?
1
Suppose 5*u + 2*o - 169 = 0, -3*u + 5*u = -5*o + 76. What is the tens digit of u?
3
Let h(z) = -6*z + 8. What is the units digit of h(-19)?
2
Let r be 4856/30 + (-2)/(-15). Suppose -2*b + r = 4*b. What is the units digit of b?
7
Let m(a) = -6*a + 13. What is the tens digit of m(-7)?
5
Suppose -2*m - 3*a = -0*a - 43, 105 = 5*m + 5*a. Let j(s) = -s**2 - 11*s + 14. Let f be j(-12). Suppose f*o + m = 4*o. What is the units digit of o?
0
Suppose 0 = -3*s - 3*p + 34 - 7, 0 = 4*s - 4*p - 4. Let a be 3/(36/(-8) + 3). Let g = a + s. What is the units digit of g?
3
Let p = 31 - 46. Let u = p + 30. What is the units digit of u?
5
Let s(p) = 2*p**2 + 15*p + 2. What is the tens digit of s(-10)?
5
Let g(u) = u + 28. Let p(l) = 2*l - 16 - 4*l + 14. Let f be p(6). What is the units digit of g(f)?
4
Let x be 9 + -9 - (-2 + -1). Suppose -87 = -3*q - x*m, 2*q - 35 = 4*m + 41. What is the tens digit of q?
3
Let b(j) = -j**3 + 5*j**2 - 3*j - 1. Let q be b(4). Let f = -4 + q. What is the units digit of ((-6)/(-4))/(f/(-4))?
6
Let s(l) = -15*l + 41. What is the hundreds digit of s(-15)?
2
Let q be (-3 - -1)/(-4)*10. Let j = q - 0. What is the units digit of j?
5
Let j = 6 + 7. Let c = -12 + j. What is the units digit of c?
1
Suppose 0 = 4*i - 5*m - 5, -m + 0*m - 1 = 2*i. Suppose 2*j + 0*j + a - 20 = i, 3*a = 0. What is the tens digit of j?
1
Let t(q) = -q**2 - 7*q + 6. What is the tens digit of t(-6)?
1
Let s = -4 - -7. Suppose -s = n - 6. Suppose 0 = n*h - h - 18. What is the units digit of h?
9
What is the hundreds digit of (-437)/(-4) + 6/(-24)?
1
Let c = -2 + 8. Let g be 0 - 2 - -4 - -5. Let x = g + c. What is the units digit of x?
3
Let m = 25 - 21. What is the units digit of m?
4
Suppose 5*n + 0*d - 55 = 5*d, -5*n - 5*d = -5. What is the tens digit of ((-8)/n)/((-11)/165)?
2
Suppose -4*m = -154 - 1134. What is the units digit of m?
2
Let z = 361 - 205. What is the tens digit of z?
5
Let z(u) = 21*u + 21. Let g(s) = 4*s + 4. Let f(a) = 22*g(a) - 4*z(a). Let q be f(5). Let l = q + -16. What is the units digit of l?
8
Let k(h) = 6*h**3 - h**2 + h + 1. Let i be k(-1). Let p be (-2)/i + (-36)/(-21). What is the units digit of (-1*3)/((-3)/p)?
2
Let v(y) = -y**3 + 2*y**2 - 1. Let u be v(-1). What is the tens digit of u/3*(-57)/(-2)?
1
Let c = 97 + -43. Let y be 1*(c + 0)/3. Suppose -2*k = k - y. What is the units digit of k?
6
Let d(k) = k**2 + 3*k + 5. Let s be d(-7). What is the units digit of 105/s - 6/33?
3
Let b(p) be the first derivative of -14*p**3/3 + p - 1. Let j be b(-1). Let u = -9 - j. What is the units digit of u?
4
What is the units digit of 0/(-7 + 3) + 38?
8
Suppose 4*u + 310 = 5*o - 569, 732 = 4*o + 4*u. What is the hundreds digit of o?
1
Let x = 0 - -4. Suppose -1 + x = 3*p. Let z = 8 - p. What is the units digit of z?
7
Suppose 53 = 5*b - 7. Suppose 2*l - b = 10. What is the units digit of l?
1
Let c(p) = -4*p**3 + p + 1. Let q be c(-1). Suppose -13 = -q*o + 3. Suppose o*l - 10 = -l. What is the units digit of l?
2
Let x = 25 + -47. What is the tens digit of -10 - -11 - (0 + x)?
2
Suppose -b = b - 80. Suppose -5 = g - 1, 0 = -2*w + 3*g + 12. Suppose 0 = 4*h - w*h - b. What is the tens digit of h?
1
Let i = 321 + -127. What is the tens digit of i?
9
What is the units digit of (-8)/(-20) + 5658/30?
9
Let s = -1 + 3. Suppose -j - 18 = -s*j. What is the units digit of j?
8
Suppose -6*r + 184 = -422. What is the tens digit of r?
0
Let z(j) = j - 2. Let n be z(4). Suppose -4*s = -3*a - 22, -a = -4*a + 3*s - 21. What is the units digit of 12/9 + n/a?
1
Let j(k) = -k**2 + 14*k - 13. What is the units digit of j(11)?
0
Suppose -2*w = -7*w + 15. Suppose w*g - 3*a = 183, 3*g - a = 270 - 85. Suppose 0 = -2*i + 2*x + 24, 23 = -3*i + 4*x + g. What is the units digit of i?
9
Let j(l) = 3*l + 1. What is the units digit of j(3)?
0
Let r(m) = m**2 - m + 19. Let n be r(0). Suppose n + 11 = k. Suppose 2*l - k = -3*l. What is the units digit of l?
6
Let y = 0 - -2. Suppose -76 = -y*z - 3*r, 7*r - 3*r - 72 = -2*z. What is the units digit of z?
4
Let n(d) = d**2 - d + 13. What is the tens digit of n(0)?
1
Suppose -d - 2*q = -31, 5*d + 36 = -4*q + 173. Let w = 53 - d. What is the units digit of w?
8
Let j(r) = r**3 + 6*r**2 - 7*r + 9. Let z be j(-7). Suppose 4*w = 8, 0 = -n - 0*n + w + z. What is the tens digit of n?
1
Let g be (-71)/(-4) + 3/12. Suppose 3*h - 43 = -4*x, -x = -2*h - 3*h + g. What is the units digit of x?
7
Suppose -24 = -2*u - 6*v + 2*v, 3*u - 4*v = -14. Suppose -5*k - 5 + 28 = -q, -u*k + 5*q = -23. What is the units digit of k?
4
Let d be 14/8 - 2/(-8). Let g be 0 + -10 + -1*d. Let c = g + 18. What is the units digit of c?
6
Let w = 130 + -67. What is the units digit of 3*7/(w/6)?
2
Suppose -57 + 3 = -6*l. What is the units digit of l?
9
Let z(x) = x**2 + 13*x + 3. Let h be z(-13). Suppose -5*g - 2*n = -1, -h*g + 0*n + 13 = -5*n. What is the tens digit of (-88)/(-6) + g/3?
1
Suppose -15 = 3*v, 1425 = 5*m + 6*v - 7*v. What is the hundreds digit of m?
2
Let p(i) = 6*i - 1. Let l be p(1). Let r(f) = f. Let t be r(l). Suppose 2*k - 7 = t. What is the units digit of k?
6
Let y(w) = w**3 - 20*w**2 + 23*w - 1. What is the units digit of y(19)?
5
Suppose 2*s = -3*s + i + 370, 3*i = -4*s + 296. What is the units digit of s?
4
Let k(n) = -n - 4. What is the units digit of k(-10)?
6
Let f(v) = 9*v + 18*v + 2 - 5. What is the tens digit of f(2)?
5
What is the hundreds digit of 2/(-5) + ((-1671)/(-15) - 5)?
1
Let a = -3 - -4. What is the units digit of (12 - (1 + -4))/a?
5
Let h(t) be the third derivative of t**6/120 - t**5/60 - t**3/3 - t**2. Let m be h(3). What is the units digit of (m/10)/((-6)/(-15))?
4
Let g be (-2)/(-4) + (-12)/(-8). Suppose -4*o + 34 - g = 0. Let n = o - -6. What is the units digit of n?
4
Suppose -2*q + 1 = -i - 4*i, 5*q = -i + 16. Let w(m) = 6*m**2 - 1. Let b be w(1). Let z = b - i. What is the units digit of z?
4
Let k(r) = r**3 - 2*r + 79. What is the tens digit of k(0)?
7
Let h(b) = 0*b**2 + 4*b**2 + b**2 - 4*b**2 - 1. What is the units digit of h(-3)?
8
Let h(d) = -3*d**2 - d + 1. Let w be h(-2). Let u = w + 23. What is the tens digit of u?
1
Suppose -4*u - 16 = -0*c - 4*c, 3*u = c. Suppose 4*p - 6 = 5*m + 6, 4*p = 2*m + 12. Suppose -q + 3*q - c = m. What is the units digit of q?
3
Suppose -3*i = 4*z - 10, 0 = 5*i - 2*z - 5 + 23. What is the units digit of ((-7)/i)/1*2?
7
Let d be ((-40)/15)/((-4)/6). Suppose -6 = y - d*y. Suppose 2*p - 10 = y*j, 0*j + j = -5*p + 25. What is the units digit of p?
5
Suppose -5*t = -8 - 22. Let o = -2 - -4. Suppose -z + t = l, l = -z + o*z - 4. What is the units digit of l?
1
Let z = 288 - 164. What is the tens digit of z?
2
Let h = 11 + -20. Let a = 10 + h. What is the units digit of a?
1
Let c be 2/7 + (-10)/35. Let s = 4 - c. Suppose -5*a - b = -4*b - 81, 5*a - s*b = 78. What is the tens digit of a?
1
Let u = 7 + -2. Suppose -u*d - 21 + 151 = 0. What is the units digit of d?
6
Let p be (-18)/(-8) - 1/4. Let j = 13 + -8. Let z = j - p. What is the units digit of z?
3
Let l be (-3 - -3) + 10 + -1. Suppose 27 = 4*j - l. What is the units digit of j?
9
Let j(u) = -6*u. Let m be j(-1). Suppose m*i = i + 180. What is the units digit of i?
6
Let n be (15/12)/((-2)/(-8)). Suppose -n*c = -4*c - 14. What is the units digit of c?
4
Suppose -2*g + 4 = -2. What is the units digit of 0/g - 0 - -1?
1
Suppose 0 = -2*i + 40 + 12. Suppose -3*